291?
245
What is the remainder when 152639 is divided by 45?
44
What is the remainder when 20300 is divided by 1871?
1590
Calculate the remainder when 338590 is divided by 4455.
10
What is the remainder when 9070 is divided by 25?
20
What is the remainder when 11068 is divided by 619?
545
Calculate the remainder when 1125 is divided by 5.
0
What is the remainder when 807069 is divided by 1449?
1425
What is the remainder when 43070 is divided by 861?
20
Calculate the remainder when 258379 is divided by 171.
169
Calculate the remainder when 240593 is divided by 60147.
5
What is the remainder when 654 is divided by 248?
158
What is the remainder when 89102 is divided by 33?
2
Calculate the remainder when 117643 is divided by 177.
115
Calculate the remainder when 6686 is divided by 374.
328
What is the remainder when 19162 is divided by 23?
3
What is the remainder when 8122 is divided by 1989?
166
Calculate the remainder when 548967 is divided by 1794.
3
What is the remainder when 45447 is divided by 15139?
30
What is the remainder when 14575 is divided by 4712?
439
What is the remainder when 13539 is divided by 11?
9
Calculate the remainder when 23371 is divided by 236.
7
Calculate the remainder when 944 is divided by 6.
2
Calculate the remainder when 583055 is divided by 45.
35
Calculate the remainder when 15652 is divided by 7771.
110
Calculate the remainder when 1643 is divided by 128.
107
What is the remainder when 458523 is divided by 6?
3
What is the remainder when 117693 is divided by 96?
93
Calculate the remainder when 325282 is divided by 1077.
28
What is the remainder when 639 is divided by 45?
9
Calculate the remainder when 81540 is divided by 27179.
3
Calculate the remainder when 6020 is divided by 429.
14
Calculate the remainder when 27079 is divided by 37.
32
What is the remainder when 97317 is divided by 3?
0
Calculate the remainder when 20940 is divided by 3090.
2400
Calculate the remainder when 122171 is divided by 17453.
0
Calculate the remainder when 10129 is divided by 2019.
34
What is the remainder when 40063 is divided by 64?
63
Calculate the remainder when 3901 is divided by 1946.
9
Calculate the remainder when 192135 is divided by 1921.
35
What is the remainder when 63116 is divided by 4205?
41
Calculate the remainder when 7567 is divided by 944.
15
Calculate the remainder when 2896 is divided by 234.
88
Calculate the remainder when 13247 is divided by 751.
480
What is the remainder when 4490 is divided by 8?
2
What is the remainder when 1192 is divided by 24?
16
What is the remainder when 636229 is divided by 213?
211
What is the remainder when 6270 is divided by 1040?
30
What is the remainder when 11365 is divided by 18?
7
Calculate the remainder when 93246 is divided by 818.
812
Calculate the remainder when 328875 is divided by 363.
360
What is the remainder when 9290 is divided by 550?
490
What is the remainder when 116664 is divided by 1282?
2
Calculate the remainder when 3283 is divided by 339.
232
Calculate the remainder when 4516 is divided by 411.
406
Calculate the remainder when 105625 is divided by 411.
409
What is the remainder when 10359 is divided by 5173?
13
What is the remainder when 636 is divided by 100?
36
Calculate the remainder when 206 is divided by 25.
6
What is the remainder when 64862 is divided by 19?
15
What is the remainder when 4981 is divided by 629?
578
What is the remainder when 18120 is divided by 82?
80
What is the remainder when 362695 is divided by 181338?
19
Calculate the remainder when 37130 is divided by 71.
68
Calculate the remainder when 2206 is divided by 1070.
66
What is the remainder when 24039 is divided by 20?
19
What is the remainder when 325910 is divided by 485?
475
What is the remainder when 49386 is divided by 110?
106
What is the remainder when 4083 is divided by 44?
35
Calculate the remainder when 1359 is divided by 1178.
181
Calculate the remainder when 4028 is divided by 4016.
12
Calculate the remainder when 32893 is divided by 70.
63
What is the remainder when 10944 is divided by 31?
1
What is the remainder when 31188 is divided by 2091?
1914
What is the remainder when 27740 is divided by 27724?
16
Calculate the remainder when 31061 is divided by 192.
149
What is the remainder when 615 is divided by 141?
51
What is the remainder when 1292217 is divided by 635?
627
What is the remainder when 1180942 is divided by 708?
706
What is the remainder when 7098 is divided by 2347?
57
Calculate the remainder when 359796 is divided by 39976.
12
What is the remainder when 121150 is divided by 60573?
4
Calculate the remainder when 660 is divided by 141.
96
What is the remainder when 1238 is divided by 111?
17
What is the remainder when 68569 is divided by 434?
431
Calculate the remainder when 189391 is divided by 63127.
10
Calculate the remainder when 24209 is divided by 7448.
1865
Calculate the remainder when 33551 is divided by 16758.
35
Calculate the remainder when 76451 is divided by 254.
251
Calculate the remainder when 303536 is divided by 116.
80
What is the remainder when 26727 is divided by 2424?
63
What is the remainder when 5423 is divided by 596?
59
What is the remainder when 86935 is divided by 8?
7
What is the remainder when 390797 is divided by 9?
8
What is the remainder when 3396 is divided by 678?
6
What is the remainder when 23896 is divided by 5946?
112
Calculate the remainder when 70079 is divided by 329.
2
What is the remainder when 10306 is divided by 3431?
13
What is the remainder when 4012 is divided by 138?
10
What is the remainder when 12414 is divided by 148?
130
Calculate the remainder when 306791 is divided by 92.
63
Calculate the remainder when 1354004 is divided by 46.
40
Calculate the remainder when 196110 is divided by 721.
719
What is the remainder when 1449 is divided by 1442?
7
Calculate the remainder when 137462 is divided by 59.
51
Calculate the remainder when 10782 is divided by 423.
207
What is the remainder when 49860 is divided by 16608?
36
Calculate the remainder when 12680 is divided by 397.
373
What is the remainder when 383293 is divided by 759?
757
Calculate the remainder when 5863 is divided by 1927.
82
What is the remainder when 473 is divided by 83?
58
Calculate the remainder when 2424 is divided by 73.
15
Calculate the remainder when 27939 is divided by 50.
39
What is the remainder when 21914 is divided by 7267?
113
Calculate the remainder when 23993 is divided by 7993.
14
What is the remainder when 2133 is divided by 66?
21
Calculate the remainder when 3243 is divided by 2861.
382
Calculate the remainder when 237716 is divided by 59425.
16
Calculate the remainder when 13959 is divided by 48.
39
Calculate the remainder when 7587 is divided by 2899.
1789
Calculate the remainder when 1137450 is divided by 77.
6
Calculate the remainder when 1169 is divided by 197.
184
What is the remainder when 211474 is divided by 157?
152
What is the remainder when 116904 is divided by 58438?
28
What is the remainder when 5326 is divided by 1144?
750
Calculate the remainder when 24167 is divided by 186.
173
What is the remainder when 4875 is divided by 61?
56
What is the remainder when 133704 is divided by 12154?
10
What is the remainder when 23175 is divided by 47?
4
Calculate the remainder when 15700 is divided by 784.
20
Calculate the remainder when 3536 is divided by 251.
22
Calculate the remainder when 10733 is divided by 5338.
57
What is the remainder when 312475 is divided by 2029?
9
Calculate the remainder when 69138 is divided by 516.
510
What is the remainder when 30095 is divided by 381?
377
What is the remainder when 14915 is divided by 1744?
963
What is the remainder when 9849 is divided by 1900?
349
What is the remainder when 389617 is divided by 1210?
1207
What is the remainder when 33862 is divided by 181?
15
Calculate the remainder when 1116557 is divided by 837.
836
What is the remainder when 95361 is divided by 131?
124
What is the remainder when 870 is divided by 31?
2
Calculate the remainder when 1151 is divided by 11.
7
What is the remainder when 25593 is divided by 63?
15
Calculate the remainder when 4359 is divided by 34.
7
What is the remainder when 155734 is divided by 77836?
62
Calculate the remainder when 21089 is d